common divisor of 572970 and 165.
15
What is the highest common divisor of 67409576 and 5330?
1066
What is the greatest common divisor of 645 and 95024070?
15
Calculate the highest common divisor of 14961725 and 782570.
2815
Calculate the greatest common divisor of 22611402 and 528.
66
Calculate the highest common divisor of 47728 and 86978.
314
What is the greatest common divisor of 288 and 9602048?
32
What is the greatest common divisor of 204373760 and 20?
20
What is the greatest common divisor of 45984 and 25952?
32
What is the highest common divisor of 70 and 1006257?
7
What is the greatest common divisor of 235831 and 70625?
113
What is the greatest common divisor of 2752328 and 1050152?
1192
What is the highest common divisor of 23546411 and 4165?
833
What is the highest common divisor of 9340 and 14004863?
467
Calculate the greatest common divisor of 31558 and 13943546.
1018
Calculate the greatest common divisor of 2838376 and 39622.
3602
Calculate the highest common factor of 514771 and 1698544.
2003
What is the highest common factor of 234 and 1068054?
78
Calculate the highest common divisor of 101244403 and 387.
43
What is the highest common divisor of 14145 and 306015?
345
Calculate the greatest common factor of 2200935779 and 301.
301
Calculate the highest common factor of 21296 and 207152.
1936
What is the highest common divisor of 2168 and 858021230?
542
Calculate the highest common factor of 159124 and 62245899.
5683
Calculate the greatest common divisor of 15621 and 978789.
381
What is the highest common factor of 677 and 180358216?
677
Calculate the highest common divisor of 318866 and 511562.
2294
What is the greatest common divisor of 15630 and 21169793?
521
What is the greatest common factor of 7210936 and 8?
8
What is the highest common divisor of 127782 and 15484500?
558
What is the highest common factor of 3254011 and 68689?
149
Calculate the greatest common factor of 40328715 and 420.
105
What is the highest common divisor of 52 and 52896064?
52
Calculate the highest common divisor of 39 and 590482061.
13
Calculate the highest common divisor of 393738960 and 192.
48
Calculate the highest common factor of 6384 and 220588480.
2128
What is the greatest common factor of 7576117 and 57?
19
What is the greatest common factor of 71200 and 528800?
800
Calculate the greatest common factor of 1209 and 36700156.
31
Calculate the greatest common divisor of 17254 and 2877026857.
8627
What is the highest common factor of 456 and 391746?
6
What is the greatest common divisor of 61852 and 503699?
329
What is the highest common factor of 16660 and 24613960?
2380
What is the greatest common factor of 496594 and 74534?
898
What is the greatest common factor of 12 and 739256?
4
What is the greatest common factor of 24889995 and 39?
39
Calculate the greatest common divisor of 54897 and 91002.
87
What is the highest common divisor of 67 and 5847900767?
67
Calculate the greatest common divisor of 3645 and 31380291.
243
What is the greatest common divisor of 11113644 and 30?
6
What is the greatest common factor of 88880 and 742855?
505
Calculate the highest common factor of 555 and 4190435.
185
Calculate the highest common factor of 52822 and 22030547.
3773
What is the highest common divisor of 162 and 236458035?
81
Calculate the greatest common factor of 231 and 5891721.
33
What is the greatest common factor of 85 and 141160979?
17
What is the greatest common factor of 2293514129 and 41?
41
What is the highest common factor of 20299 and 761021?
383
What is the highest common factor of 3200 and 158088000?
1600
What is the highest common factor of 2800 and 9401805?
35
What is the greatest common divisor of 366467856 and 7734?
7734
Calculate the greatest common factor of 798 and 124930491.
399
What is the highest common factor of 856 and 4899316?
428
What is the highest common factor of 92735 and 170?
85
Calculate the greatest common factor of 39655 and 208781.
103
What is the greatest common divisor of 1648 and 18110696?
824
Calculate the highest common factor of 10346299 and 118.
59
What is the greatest common divisor of 44447 and 199589?
169
What is the highest common factor of 33456 and 60?
12
Calculate the greatest common divisor of 3535901 and 15476.
73
What is the highest common divisor of 3362 and 51619?
41
What is the highest common divisor of 16816230 and 6120?
1530
Calculate the greatest common divisor of 520564 and 1210.
22
What is the greatest common divisor of 3006 and 28584722?
334
Calculate the highest common divisor of 146 and 333591677.
73
Calculate the highest common factor of 94143719 and 997.
997
Calculate the highest common divisor of 910 and 178639825.
455
Calculate the highest common divisor of 72030 and 132801711.
7203
What is the greatest common factor of 23231104 and 3328?
1664
What is the highest common divisor of 2387863 and 26923?
2071
Calculate the highest common divisor of 20500682 and 3550.
142
Calculate the greatest common factor of 3377 and 3942316554.
3377
What is the greatest common divisor of 1363 and 1416882?
29
What is the greatest common factor of 604172 and 134144?
524
What is the greatest common divisor of 13314854 and 448?
14
Calculate the highest common divisor of 160344 and 6120.
1224
What is the greatest common divisor of 107408942 and 19596?
3266
What is the greatest common divisor of 1394 and 78370?
34
Calculate the highest common factor of 33718242 and 136.
34
What is the greatest common divisor of 1734 and 3460452?
102
Calculate the highest common divisor of 1378 and 620789.
689
What is the highest common factor of 1144 and 7421336?
104
Calculate the highest common factor of 66291789 and 155601.
5763
What is the greatest common divisor of 489082 and 54802?
1034
Calculate the greatest common factor of 7205 and 716200056.
1441
What is the greatest common divisor of 44525 and 9026225?
325
Calculate the greatest common divisor of 8822 and 5202494.
22
What is the highest common factor of 11967504 and 242814?
1698
Calculate the highest common factor of 18785 and 448435.
65
Calculate the greatest common factor of 98 and 856618.
98
What is the greatest common factor of 20235 and 1390971?
57
Calculate the highest common divisor of 5631970 and 410.
10
What is the highest common factor of 1629 and 4933611?
9
Calculate the greatest common factor of 47289 and 28589.
11
What is the highest common divisor of 2 and 406650678?
2
Calculate the greatest common divisor of 5022 and 16453746.
1674
Calculate the greatest common divisor of 733866648 and 47.
47
What is the highest common divisor of 113662 and 79526?
34
Calculate the highest common divisor of 19905117 and 8277.
267
What is the greatest common divisor of 256852 and 94?
2
Calculate the highest common divisor of 611586 and 2001654.
1098
Calculate the highest common divisor of 190 and 4145990.
190
Calculate the highest common divisor of 4464 and 664319088.
4464
What is the highest common divisor of 26 and 768143974?
26
What is the greatest common factor of 1189 and 5993790?
41
What is the highest common divisor of 28406056 and 254900?
10196
Calculate the highest common divisor of 18598 and 1327022.
1094
Calculate the highest common divisor of 576 and 2532848.
16
Calculate the greatest common divisor of 213328643 and 37.
37
What is the greatest common divisor of 6650184 and 93032?
3208
Calculate the greatest common divisor of 133943 and 10829.
17
Calculate the greatest common factor of 236568641 and 447.
149
What is the greatest common factor of 47 and 2593192241?
47
Calculate the highest common divisor of 52725 and 909150.
1425
What is the greatest common divisor of 4830825 and 268140?
615
What is the highest common divisor of 403056 and 189072?
144
Calculate the greatest common divisor of 132 and 584271564.
12
What is the highest common divisor of 3921 and 164599659?
3921
What is the greatest common factor of 2927956 and 344?
172
Calculate the greatest common divisor of 2 and 1749386.
2
What is the greatest common divisor of 4899 and 19780414?
23
Calculate the highest common divisor of 212 and 37195718.
106
What is the highest common factor of 1987 and 202417677?
1987
Calculate the greatest common divisor of 772074 and 7198.
118
Calculate the highest 